{"id":184,"date":"2016-04-01T16:05:20","date_gmt":"2016-04-01T14:05:20","guid":{"rendered":"http:\/\/www.freewayroute66.it\/?page_id=184"},"modified":"2016-04-01T16:13:37","modified_gmt":"2016-04-01T14:13:37","slug":"privacy","status":"publish","type":"page","link":"http:\/\/www.freewayroute66.it\/?page_id=184","title":{"rendered":"PRIVACY"},"content":{"rendered":"<span><b>Privacy &#038; Cookie Policy<br \/>\r\nINFORMATIVA SUL TRATTAMENTO DEI DATI PERSONALI AI SENSI DELL\u2019ARTICOLO 13 D.lgs. 196\/2003.<\/b><br \/><br \/>\r\nSpettabile Cliente,<br \/>\r\nNel rispetto del codice, che obbliga chi detiene e tratta dati personali a darne opportuna informazione al soggetto interessato vi comunichiamo quanto segue:<br \/>\r\n<b>Natura dei dati trattati:<\/b> il trattamento riguarda esclusivamente dati comuni quali, i dati anagrafici, fiscali, contrattuali e di gestione dei servizi. Il presente sito web non impiega alcun cookie di profilazione.<br \/>\r\n<b>Finalit\u00e0 del trattamento:<\/b> i dati sono trattati per le esigenze contrattuali, per la redazione di preventivi e per i successivi adempimenti fiscali, legali, finanziari, di gestione, commerciali e informativi della nostra attivit\u00e0.<br \/>\r\n<b>Modalit\u00e0 del trattamento:<\/b> i dati sono trattati sia in forma cartacea sia con l\u2019ausilio del mezzo informatico, con riservatezza e in sicurezza, come suggerito dal disciplinare tecnico in materia di misure minime di sicurezza. Allegato B del D.lgt. 196-2003.<br \/>\r\n<b>Facolt\u00e0 dell\u2019interessato di conferire i dati:<\/b> il conferimento dei dati non \u00e8 obbligatorio, ma \u00e8 implicitamente necessario nel momento in cui ci chiede delle informazioni o un preventivo; il mancato conferimento pu\u00f2 causare l\u2019impossibilit\u00e0 d\u2019instaurare o di proseguire il rapporto contrattuale.<br \/>\r\n<b>Ambito di conoscenza dei dati:<\/b> i dati conferiti alla nostra organizzazione saranno conosciuti dai responsabili e incaricati in funzione delle loro competenze professionali.<br \/>\r\n<b>Comunicazione e diffusione:<\/b> i dati conferiti sono trattati nell\u2019ambito della nostra organizzazione e non ne \u00e8 prevista la diffusione, fatto salvo la comunicazione a soggetti che possono accedere ai dati in forza di leggi e regolamenti nazionali o comunitari nei limiti previsti da tali norme.<br \/>\r\n<b>Diritti dell\u2019interessato:<\/b> riportiamo di seguito quanto previsto dall\u2019art. 7 del D.lgt. 196\/2003 in merito ai diritti dell\u2019interessato che potrete esercitare nei nostri riguardi. L\u2019interessato ha diritto di ottenere: la conferma dell\u2019esistenza o meno dei dati personali che lo riguardano, anche se non registrati, e la loro comunicazione in forma intelligibile.<br \/>\r\nL\u2019interessato ha diritto di ottenere l\u2019indicazione:\r\n<ul>\r\n<li>dell\u2019origine dei dati personali;<\/li>\r\n<li>delle finalit\u00e0 e modalit\u00e0 del trattamento;<\/li>\r\n<li>della logica applicata in caso di trattamento effettuato con l\u2019ausilio di strumenti elettronici;<\/li>\r\n<li>degli estremi identificativi del titolare e dei responsabili designati al trattamento ai sensi dell\u2019art. 5, comma 2;<\/li>\r\n<li>dei soggetti o categorie di soggetti ai quali i dati personali possono essere comunicati o che possono venire a conoscenza in qualit\u00e0 di rappresentante designato nel territorio dello Stato, di responsabili o incaricati.<\/li>\r\n<\/ul>\r\nL\u2019interessato ha diritto di ottenere:\r\n<ul>\r\n<li>l\u2019aggiornamento, la rettificazione ovvero, quando vi ha interesse, l\u2019integrazione dei dati;<\/li>\r\n<li>la cancellazione, la trasformazione in forma anonima o il blocco dei dati trattati in violazione di legge, compresi quelli di cui non \u00e8 necessaria la conservazione in relazione agli scopi per i quali i dati sono stati raccolti o successivamente trattati;<\/li>\r\n<li>l\u2019attestazione che le operazioni dei due punti precedenti sono state portate a conoscenza, anche per quanto riguarda il loro contenuto, di coloro ai quali i dati sono stati comunicati o diffusi, eccettuato il caso in cui tale adempimento si rivela impossibile o comporta un impiego di mezzi manifestamente sproporzionato rispetto al diritto tutelato.<\/li>\r\n<\/ul>\r\nL\u2019interessato ha diritto di opporsi, in tutto o in parte:\r\n<ul>\r\n<li>per motivi legittimi al trattamento dei dati personali che lo riguardano, ancorch\u00e9 pertinenti allo scopo della raccolta;<\/li>\r\n<li>al trattamento di dati personali che lo riguardano a fini d\u2019invio di materiale pubblicitario o di vendita diretta o per il compimento di ricerche di mercato o di comunicazione commerciale.<\/li>\r\n<\/ul>\r\n<b>Titolare del trattamento:<\/b> titolare del trattamento \u00e8 &#8220;Freeway Route S.r.l.&#8221; &#8211; Partita IVA: 05762390960 nella persona del Legale Rappresentante. Per informazioni <a href=\"mailto:info@freewayroute66.it\" style=\"color:grey\">info@freewayroute66.it<\/a><br \/><br \/>\r\n<b>INFORMATIVA ESTESA SULL\u2019USO DEI COOKIES<\/b><br \/>\r\nQuando qualcuno visita il sito www.freewayroute66.it Freeway Route S.r.l. raccoglie informazioni generalmente usate su Internet e dati sulle abitudini di comportamento degli utenti. Questi dati servono per registrare informazioni come ad esempio il numero di visitatori alle varie sezioni del sito. Queste informazioni vengono raccolte in modo da non essere associate ad una persona identificata o identificabile. Non associamo i dati raccolti con altri dati personali ed identificativi provenienti da altre fonti.<br \/><br \/>\r\n<b>TIPOLOGIE DI COOKIE UTILIZZATI<\/b><br \/>\r\nDi seguito sono elencate le tipologie di cookies che Freeway Route S.r.l. utilizza sul proprio sito e lo scopo di tale utilizzo.<br \/><br \/>\r\n<b>COOKIES TECNICI<\/b><br \/>\r\nQuesta tipologia di cookie permette il corretto funzionamento di alcune sezioni del Sito. Sono di due categorie, persistenti e di sessione:\r\n<ul>\r\n<li>persistenti: una volta chiuso il browser non vengono distrutti ma rimangono fino ad una data di scadenza preimpostata;<\/li>\r\n<li>di sessione: vengono distrutti ogni volta che il browser viene chiuso.<\/li>\r\n<\/ul>\r\nQuesti cookie, inviati sempre dal nostro dominio, sono necessari a visualizzare correttamente il sito e in relazione ai servizi tecnici offerti, verranno quindi sempre utilizzati e inviati, a meno che l\u2019utenza non modifichi le impostazioni nel proprio browser (inficiando cos\u00ec la visualizzazione delle pagine del sito).<br \/><br \/>\r\n<b>COOKIES DI TERZE PARTI<\/b><br \/><br \/>\r\n<b>COOKIES ANALITICI<\/b><br \/>\r\nFreeway Route S.r.l. utilizza Google Analytics per analizzare come i visitatori utilizzano il sito per migliorare l&#8217;esperienza di navigazione degli utenti. Google Analytics utilizza cookie per raccogliere informazioni generalmente usate su Internet e per studiare <b>in forma anonima<\/b> il comportamento dei visitatori. Si noti che l&#8217; l&#8217;enfasi sulla parola &#8220;anonimo&#8221;, dato che nessuna informazione che consente di identificare l&#8217;utente viene raccolta se non esplicitamente indicato da quest&#8217;ultimo attraverso la compilazione di un modulo specifico.<br \/><br \/>\r\nPer ulteriori informazioni, si rinvia al link di seguito indicato:<br \/>\r\n<a href=\"https:\/\/www.google.it\/policies\/privacy\/partners\/\" target=\"_blank\" style=\"color:grey\">https:\/\/www.google.it\/policies\/privacy\/partners\/<\/a><br \/>\r\nL\u2019utente pu\u00f2 disabilitare in modo selettivo l\u2019azione di Google Analytics installando sul proprio browser la componente di opt-out fornito da Google. Per disabilitare l\u2019azione di Google Analytics, si rinvia al link di seguito indicato:<br \/>\r\n<a href=\"https:\/\/tools.google.com\/dlpage\/gaoptout\" target=\"_blank\" style=\"color:grey\">https:\/\/tools.google.com\/dlpage\/gaoptout<\/a><br \/><br \/>\r\n<b>COME DISABILITARE I COOKIE MEDIANTE CONFIGURAZIONE DEL BROWSER<\/b><br \/>\r\nPuoi controllare e\/o verificare i cookies come vuoi \u2013 per saperne di pi\u00f9, vai su aboutcookies.org. Puoi cancellare i cookies gi\u00e0 presenti nel computer e impostare quasi tutti i browser in modo da bloccarne l\u2019installazione. Se scegli questa opzione, dovrai per\u00f2 modificare manualmente alcune preferenze ogni volta che visiti il sito ed \u00e8 possibile che alcuni servizi o determinate funzioni non siano disponibili.<br \/>\r\nPer maggiori informazioni:<br \/><br \/>\r\nGoogle Chrome: <a href\"https:\/\/support.google.com\/chrome\/answer\/95647?hl=it\" target=\"_blank\" style=\"color:grey\">https:\/\/support.google.com\/chrome\/answer\/95647?hl=it<\/a><br \/>\r\nMozilla Firefox: <a href=\"https:\/\/support.mozilla.org\/it\/products\/firefox\/privacy-and-security\/cookies\" target=\"_blank\" style=\"color:grey\">https:\/\/support.mozilla.org\/it\/products\/firefox\/privacy-and-security\/cookies<\/a><br \/>\r\nInternet Explorer: <a href=\"http:\/\/windows.microsoft.com\/it-it\/internet-explorer\/delete-manage-cookies\" target=\"_blank\" style=\"color:grey\">http:\/\/windows.microsoft.com\/it-it\/internet-explorer\/delete-manage-cookies<\/a><br \/>\r\nSafari: <a href=\"https:\/\/support.apple.com\/it-it\/HT201265\" target=\"_blank\" style=\"color:grey\">https:\/\/support.apple.com\/it-it\/HT201265<\/a><br \/><br \/>\r\n<b>MODIFICHE<\/b><br \/>\r\nA causa di eventuali modifiche al nostro sito Web o alle normative riguardanti i cookie, \u00e8 possibile che queste informative vengano periodicamente modificate. Siamo pertanto autorizzati a cambiare i contenuti delle informative e i cookie indicati nell&#8217;elenco in qualsiasi momento e senza preavviso. La versione pi\u00f9 aggiornata pu\u00f2 essere consultata in questa pagina Web.<br \/><br \/><\/span>","protected":false},"excerpt":{"rendered":"<p>Privacy &#038; Cookie Policy INFORMATIVA SUL TRATTAMENTO DEI DATI PERSONALI AI SENSI DELL\u2019ARTICOLO 13 D.lgs. 196\/2003. Spettabile Cliente, Nel rispetto del codice, che obbliga chi detiene e tratta dati personali a darne opportuna informazione al soggetto interessato vi comunichiamo quanto segue: Natura dei dati trattati: il trattamento riguarda esclusivamente dati comuni quali, i dati anagrafici, [&hellip;]<\/p>\n","protected":false},"author":1,"featured_media":0,"parent":0,"menu_order":0,"comment_status":"closed","ping_status":"closed","template":"","meta":[],"_links":{"self":[{"href":"http:\/\/www.freewayroute66.it\/index.php?rest_route=\/wp\/v2\/pages\/184"}],"collection":[{"href":"http:\/\/www.freewayroute66.it\/index.php?rest_route=\/wp\/v2\/pages"}],"about":[{"href":"http:\/\/www.freewayroute66.it\/index.php?rest_route=\/wp\/v2\/types\/page"}],"author":[{"embeddable":true,"href":"http:\/\/www.freewayroute66.it\/index.php?rest_route=\/wp\/v2\/users\/1"}],"replies":[{"embeddable":true,"href":"http:\/\/www.freewayroute66.it\/index.php?rest_route=%2Fwp%2Fv2%2Fcomments&post=184"}],"version-history":[{"count":3,"href":"http:\/\/www.freewayroute66.it\/index.php?rest_route=\/wp\/v2\/pages\/184\/revisions"}],"predecessor-version":[{"id":187,"href":"http:\/\/www.freewayroute66.it\/index.php?rest_route=\/wp\/v2\/pages\/184\/revisions\/187"}],"wp:attachment":[{"href":"http:\/\/www.freewayroute66.it\/index.php?rest_route=%2Fwp%2Fv2%2Fmedia&parent=184"}],"curies":[{"name":"wp","href":"https:\/\/api.w.org\/{rel}","templated":true}]}}